s 24 divide 193590?
False
Does 649 divide 3284569?
False
Is 36031 a multiple of 26?
False
Does 57 divide 240369?
True
Does 113 divide 1038857?
False
Is 24 a factor of 3442684?
False
Is 17 a factor of 2794?
False
Is 196625 a multiple of 325?
True
Does 73 divide 1990345?
True
Is 6 a factor of 1365696?
True
Is 56 a factor of 149296?
True
Is 75880 a multiple of 7?
True
Is 49308 a multiple of 7?
True
Is 5348868 a multiple of 37?
True
Is 876 a factor of 27790613?
False
Is 4 a factor of 195482?
False
Does 24 divide 140668?
False
Is 61536 a multiple of 96?
True
Is 4 a factor of 24276?
True
Is 23724 a multiple of 18?
True
Is 25092 a multiple of 18?
True
Is 2429793 a multiple of 153?
True
Does 16 divide 4201517?
False
Is 17 a factor of 9577?
False
Is 13 a factor of 121838?
False
Does 8 divide 132256?
True
Does 3 divide 729747?
True
Is 49 a factor of 133153?
False
Does 8 divide 1165088?
True
Does 54 divide 1292166?
True
Is 51922 a multiple of 13?
True
Is 75 a factor of 898200?
True
Is 24 a factor of 167472?
True
Does 15 divide 1477192?
False
Is 180992 a multiple of 60?
False
Is 3 a factor of 15561?
True
Is 358 a factor of 163606?
True
Is 934360 a multiple of 329?
True
Is 63 a factor of 5469690?
False
Is 23 a factor of 19063?
False
Is 777 a factor of 2943885?
False
Does 37 divide 9361444?
True
Is 13290 a multiple of 30?
True
Is 731360 a multiple of 560?
True
Does 97 divide 6295115?
False
Is 31 a factor of 17757682?
False
Is 7 a factor of 27433?
True
Is 29 a factor of 390398?
True
Is 155 a factor of 108965?
True
Is 1118075 a multiple of 10?
False
Is 10780649 a multiple of 127?
True
Is 593414 a multiple of 538?
True
Is 1867471 a multiple of 7?
False
Does 8 divide 9100102?
False
Is 137543 a multiple of 35?
False
Is 6210912 a multiple of 124?
True
Does 145 divide 1800610?
True
Does 38 divide 276132?
False
Is 3490598 a multiple of 7?
False
Is 12982686 a multiple of 12?
False
Is 32 a factor of 3753587?
False
Is 737392 a multiple of 28?
False
Is 560833 a multiple of 156?
False
Is 14 a factor of 842254?
True
Is 60691 a multiple of 60?
False
Is 44 a factor of 47476?
True
Does 17 divide 154292?
True
Is 159 a factor of 3824268?
True
Is 119937 a multiple of 235?
False
Is 19 a factor of 68056?
False
Is 1398 a factor of 19314675?
False
Does 53 divide 163028?
True
Is 34 a factor of 1700408?
True
Does 301 divide 1233924?
False
Is 83 a factor of 34927?
False
Is 22 a factor of 991474?
True
Is 6267916 a multiple of 82?
True
Does 949 divide 4929980?
False
Is 580286 a multiple of 133?
False
Is 8220 a multiple of 13?
False
Is 6656628 a multiple of 18?
False
Is 14 a factor of 151840?
False
Does 19 divide 898628?
False
Is 27944176 a multiple of 52?
True
Is 75 a factor of 4239363?
False
Is 27 a factor of 39420?
True
Does 367 divide 1333311?
True
Does 325 divide 406523?
False
Is 139532 a multiple of 6?
False
Is 20 a factor of 1024466?
False
Is 175793 a multiple of 182?
False
Is 523 a factor of 65095?
False
Is 262 a factor of 1676538?
True
Is 637008 a multiple of 92?
True
Is 23 a factor of 6236761?
False
Is 456453 a multiple of 20?
False
Is 4 a factor of 10452584?
True
Is 1204268 a multiple of 52?
True
Is 3 a factor of 555846?
True
Is 392245 a multiple of 172?
False
Is 21 a factor of 1543379?
False
Is 38 a factor of 12573478?
True
Is 677 a factor of 2088042?
False
Is 4327070 a multiple of 22?
True
Does 82 divide 526030?
True
Does 117 divide 14309?
False
Is 789882 a multiple of 415?
False
Does 962 divide 813438?
False
Is 12 a factor of 2703756?
True
Is 279454 a multiple of 98?
False
Is 113 a factor of 307812?
True
Does 8 divide 32872?
True
Is 146 a factor of 4767013?
False
Is 77490 a multiple of 410?
True
Is 6390 a multiple of 9?
True
Is 8977278 a multiple of 102?
False
Does 14 divide 159342?
False
Does 1286 divide 5043692?
True
Is 11112 a multiple of 8?
True
Is 148138 a multiple of 84?
False
Is 18099460 a multiple of 167?
True
Is 3867846 a multiple of 1131?
False
Is 37 a factor of 148688?
False
Does 47 divide 15398494?
False
Is 361 a factor of 2295421?
False
Is 48510 a multiple of 31?
False
Is 7 a factor of 376320?
True
Is 153971 a multiple of 100?
False
Is 140328 a multiple of 18?
True
Does 1251 divide 4858884?
True
Is 6602 a multiple of 5?
False
Is 13 a factor of 1077459?
False
Is 502451 a multiple of 54?
False
Is 106 a factor of 430996?
True
Is 10 a factor of 731780?
True
Is 1017 a factor of 4727542?
False
Does 48 divide 1184928?
True
Does 215 divide 6116105?
True
Is 79284 a multiple of 90?
False
Is 59 a factor of 242293?
False
Does 7 divide 254737?
True
Is 8070095 a multiple of 605?
True
Is 1412292 a multiple of 119?
True
Is 69672 a multiple of 24?
True
Is 98705 a multiple of 95?
True
Is 5961378 a multiple of 404?
False
Is 27 a factor of 1220778?
True
Does 20 divide 1059462?
False
Does 726 divide 641784?
True
Is 1780 a factor of 11392848?
False
Does 207 divide 1660840?
False
Is 163 a factor of 56724?
True
Is 131 a factor of 905603?
True
Is 2922240 a multiple of 240?
True
Is 525 a factor of 344541?
False
Is 143 a factor of 32340?
False
Does 5 divide 97315?
True
Is 19 a factor of 252282?
True
Does 224 divide 1446047?
False
Does 13 divide 4699635?
False
Is 8 a factor of 14157?
False
Is 35 a factor of 330970?
False
Is 4668505 a multiple of 27?
False
Is 417248 a multiple of 104?
True
Is 96467 a multiple of 48?
False
Is 607035 a multiple of 165?
True
Is 121880 a multiple of 5?
True
Is 43569 a multiple of 63?
False
Does 634 divide 554571?
False
Is 107 a factor of 107321?
True
Is 1157 a multiple of 4?
False
Does 350 divide 403900?
True
Is 62 a factor of 1352337?
False
Is 1376178 a multiple of 9?
False
Does 18 divide 13044420?
True
Does 9 divide 100775?
False
Does 7 divide 75868?
False
Is 177 a factor of 5475646?
False
Is 304 a factor of 2747248?
True
Is 19 a factor of 9285556?
False
Is 40803444 a multiple of 22?
True
Is 63 a factor of 1186942?
False
Is 2 a factor of 17308?
True
Is 759782 a multiple of 76?
False
Does 29 divide 4558046?
True
Is 583246 a multiple of 239?
False
Is 4 a factor of 12431?
False
Is 101983 even?
False
Is 146098 a multiple of 34?
True
Is 82 a factor of 318535?
False
Is 67 a factor of 269927?
False
Does 258 divide 50826?
True
Is 407424 a multiple of 6?
True
Is 63 a factor of 3360042?
True
Is 44460 a multiple of 30?
True
Is 191 a factor of 3803195?
False
Is 13 a factor of 99281?
True
Is 1222411 a multiple of 47?
False
Is 112 a factor of 2870224?
True
Does 14 divide 582042?
False
Is 19004159 a multiple of 194?
False
Is 181896 a multiple of 39?
True
Is 645 a factor of 368892?
False
Is 5572436 a multiple of 78?
False
Is 154981 a multiple of 21?
False
Is 175 a factor of 505413?
False
Does 14 divide 270613?
False
Is 134920 a multiple of 40?
True
Is 430 a factor of 94119?
False
Is 1201847 a multiple of 126?
False
Is 5 a factor of 7674432?
False
Does 16 divide 2478539?
False
Is 201280 a multiple of 148?
True
Does 16 divide 370608?
True
Does 135 divide 3252212?
False
Is 176 a factor of 94336?
True
Does 59 divide 67673?
True
Does 159 divide 9054?
False
Is 34 a factor of 7789537?
False
Does 1124 divide 2351471?
False
Does 70 divide 225459?
False
Is 25 a factor of 1328300?
True
Is 18 a factor of 543322?
False
Is 3 a factor of 90868?
False
Does 7 divide 91539?
True
Is 66 a factor of 172820?
False
Does 238 divide 493136?
True
Does 1469 divide 3666624?
True
Is 80 a factor of 179888?
False
Is 60 a factor of 935804?
False
Is 8 a factor of 1600668?
False
Is 2072383 a multiple of 63?
False
Is 182 a factor of 550914?
True
Does 33 divide 1899127?
False
Is 59994 a multiple of 41?
False
Is 625 a factor of 1958125?
True
Is 10 a factor of 1110340?
True
Is 347117 a multiple of 313?
True
Does 1589 divide 5598330?
False
Does 29 divide 12610824?
True
Is 263988 a multiple of 601?
False
Is 185 a factor of 187613?
False
Is 55 a factor of 973390?
True
Is 12942712 a multiple of 57?
False
Is 85963 a multiple of 136?
False
Is 50643 a multiple of 126?
False
Is 11520 a multiple of 40?
True
Is 1092701 a multiple of 36?
False
Is 83636 a multiple of 7?
True
Is 11 a factor of 2797179?
True
Is 33 a factor of 198561?
True
Is 143 a factor of 1806662?
True
Is 48673 a multiple of 4?
False
Is 10758015 a multiple of 15?
True
Is 76 a factor of 309461?
False
Is 219 a factor of 1307868?
True
Is 71 a factor of 